
-4
What is (-4 - 1) + (-6 - -10) + -2?
-3
(10 - 7) + (-1 - -2)
4
Evaluate (2 - (-5 - -5)) + -5.
-3
What is (-3 - 5) + 8 + -1 + -5?
-6
Calculate 6 + -5 - (6 + -2).
-3
What is the value of 11 - 14 - (-9 + 0)?
6
What is (8 - -10) + -8 + -5?
5
(-7 - -5) + -1 + 2
-1
Calculate -15 + 0 + (89 - 77).
-3
Calculate (-6 - -10) + (-5 + 3 - 0).
2
What is -1 - ((5 - -1) + -6 + 2)?
-3
Evaluate 1 + 0 + -1 + 1.
1
What is the value of (1 - 1 - (27 + -28)) + -1?
0
Evaluate 5 + 1 + (6 - 10).
2
What is -7 + 1 + (22 - 15)?
1
Calculate 2 - (4 + -5 + 1).
2
Calculate 1 - (3 - (0 + 8 + -3)).
3
Evaluate 0 - 3 - (-6 + (4 - -3)).
-4
-14 - -12 - (-1 + -6)
5
(-7 - -15 - 16) + 7
-1
What is the value of -4 - ((-2 - -8) + -5)?
-5
Evaluate 5 + -9 - -8 - 3.
1
What is the value of 2 + -4 + 4 + -6?
-4
Calculate (-3 - -9) + -12 + 10.
4
Calculate (-7 - -6) + 0 - (0 - -4).
-5
Calculate 1 + -2 - 1 - 2.
-4
Calculate (-1 - (-4 + 0)) + -1.
2
-3 - -17 - (10 - 3)
7
Evaluate 7 + -3 + 5 + -11.
-2
What is the value of 40 + -38 - (0 + -1 - 0)?
3
(-2 - (3 - 0)) + 1 + 10
6
2 - (-7 + 1) - (-1 - -5)
4
Evaluate 17 - 16 - (13 + 1) - -4.
-9
Evaluate 0 + 4 + 0 - (2 + 7).
-5
What is the value of (-3 - 0 - -2) + (27 - 32)?
-6
What is the value of -9 + (10 - ((-5 - 7) + 3))?
10
What is the value of -10 - -1 - (-27 + 22)?
-4
Calculate -12 + 25 + (-5 - -3).
11
Evaluate 0 - (7 + -4 - (2 + 7)).
6
Calculate 13 + -9 - (7 - 1).
-2
Evaluate -12 + 20 + (-4 - 8 - -5).
1
What is 8 + -7 - (-2 + 0)?
3
Evaluate -1 + -2 - (98 - 100).
-1
What is 1 + (1 - -1 - (3 + -1))?
1
What is 2 + (-10 - -7) - 3?
-4
Evaluate 3 - 4 - 1 - 3.
-5
What is the value of -4 - (-4 + -12 + 3)?
9
What is the value of (2 - 4) + 1 - (-1 - 1)?
1
Calculate (-10 - (-13 + -5)) + -14.
-6
-4 + (0 - -3) + 1
0
(-5 - 2) + (7 - 3)
-3
Evaluate 2 + -4 + 7 - 1.
4
What is (54 - 55) + (-2 - (-7 - 0))?
4
What is -2 - (5 + (-1 - (2 + -1)))?
-5
-7 - (0 + -17 + 8)
2
What is 1 + 5 + -1 + -5 + 1?
1
What is the value of 0 + 12 + -6 + -11?
-5
What is the value of (-28 - -34) + 1 + 3 + -10?
0
Calculate 2 + 5 + (-4 - 1).
2
Calculate (2 - (5 + -1)) + 2 + 1.
1
What is the value of (-7 - -6) + (0 - -3)?
2
-2 + (-3 + 6 - 6)
-5
What is the value of 103 - 98 - (1 + 11)?
-7
What is the value of 5 - (2 + 2) - -3?
4
Calculate -1 + 5 + 1 + -2 + 1.
4
(0 - (-2 - -1)) + 10 + -16
-5
What is the value of (3 - (0 - -7)) + 2?
-2
Calculate -5 + 1 - (1 - 2).
-3
Calculate (1 - -1) + -7 + 0 + 8.
3
What is the value of (1 - -10) + 21 + -27?
5
What is -16 - -8 - (3 + (-4 - 2))?
-5
-2 + (6 - (-5 + 8)) - 10
-9
What is (1 - 4) + 9 + -6?
0
0 + (1 - -1) - (2 + 0)
0
What is the value of 3 - (-3 + 0 + 1 - 0)?
5
What is the value of 9 + (2 - 9) - 4?
-2
What is the value of (-4 - (-1 + 5 + -9)) + -2?
-1
What is 2 - 4 - (6 - 15 - -5)?
2
What is -31 - -39 - (-1 - (3 + -20))?
-8
Evaluate (8 - 1) + -8 + (-1 - -7).
5
Calculate 2 + -3 + -1 + 0 + 0.
-2
What is the value of 9 + -4 + (-15 - -7)?
-3
What is -6 - (-6 + -4 - -5)?
-1
What is (-4 + -1 - -3) + 3?
1
2 + -6 + (0 - -3) + -4
-5
19 + 0 + (-8 - 4)
7
3 + 2 + 0 - 6
-1
Calculate -2 - 0 - (9 - 10).
-1
Evaluate (-3 - -5 - 3) + (2 - 0).
1
Evaluate 7 - ((4 - (6 + -3)) + 1).
5
What is 3 + (-2 + (-2 - 0) - 2)?
-3
What is the value of 0 + 0 + -1 + -2 + -1?
-4
Calculate (3 - (8 - -3)) + 9.
1
What is the value of (6 - -1) + -5 - (0 - -7)?
-5
Calculate -4 - (13 + -5 + (2 - 3)).
-11
(5 + -9 - -10) + 0
6
What is the value of 0 - (-1 - -3) - (2 - 4)?
0
Evaluate (4 - 9) + 8 - (1 + 2).
0
Calculate -6 - (-17 - -8) - (-1 + 5).
-1
What is the value of -4 - (-18 - -10) - (0 - -9)?
-5
Evaluate 6 - (10 + -7) - 7.
-4
What is the value of -8 + (8 - 2) + 7 + -1?
4
What is -11 + 10 + -10 + 21?
10
Calculate 2 + -2 + 1 + 4.
5
What is -12 + 10 + -18 + 2 + 8?
-10
Evaluate (-9 - -5) + (5 - 3).
-2
Evaluate 0 + (-2 + -5 - -10) - -1.
4
Calculate -6 - -2 - ((-8 - -12) + -13).
5
What is 6 - (8 + -14 + 7)?
5
What is 1 + (4 - 12) + -10 + 23?
6
(-4 - 1) + (21 - 21)
-5
(-3 + 11 - 5 - 12) + 4
-5
What is 1 - 1 - 3 - (-1 - -4)?
-6
What is the value of 10 - ((-3 - -1) + 7)?
5
Evaluate -1 + (0 - 9) - -15.
5
What is the value of (-3 - (0 + 0)) + 8?
5
Calculate (0 + -3 - 3) + 22 + -10.
6
(8 - (5 - 2)) + -8
-3
(2 - 4 - -8) + -10
-4
-2 + (-5 - (-1 - (12 - 1)))
5
What is 1 - (10 + -4 + -11)?
6
Evaluate -41 + 43 + (-2 - 0 - 0).
0
What is the value of (5 - 5) + 0 + -3?
-3
Calculate 8 + (3 - 5) - 9.
-3
Calculate (-9 + 6 - 0) + 9.
6
What is 0 - 1 - (5 + -7 + -1)?
2
-73 + 77 - (0 - 1 - -4)
1
Evaluate (-3 - (-4 - -3)) + 4 - -1.
3
1 - -4 - (-1 - (0 - 2))
4
Evaluate -1 + (3 - (2 + 2 + 2)).
-4
What is the value of (-3 - (-4 + 3)) + (-1 - 1)?
-4
Evaluate 5 + 2 - 3 - 4.
0
What is the value of -1 - (6 - 6 - -2)?
-3
What is the value of 11 - (5 - -1) - (1 + -2)?
6
What is the value of (-6 - -13) + -2 + -3?
2
What is the value of -6 + -6 + 11 + -4?
-5
Calculate -2 + 17 - (-18 + 22).
11
-5 + 4 + (2 - 2)
-1
Evaluate (6 - (0 + (7 - 1))) + 4.
4
What is 0 + 1 - 0 - (-17 - -20)?
-2
Calculate 9 - (5 + -2 - -2).
4
What is the value of (-3 - -7) + (1 - 11) + 8?
2
What is the value of 1 + (-3 - -12) + -7 - 0?
3
What is the value of -5 - (-6 + 1 + 1) - 1?
-2
What is the value of 16 - 23 - (-2 + -7)?
2
What is the value of 2 - (2 - -2) - -4?
2
Calculate -76 + 83 + 2 + -6 + 0.
3
Calculate 11 + -3 + -5 - 0.
3
4 - 6 - -1 - 6
-7
Calculate (3 - 1) + -3 + (-2 - -6).
3
(-6 + 7 - -4) + -4
1
-10 - (4 + -7 - 4)
-3
What is the value of 1 - 1 - ((7 - 5) + -4)?
2
What is 5 + 9 + 13 + -27?
0
What is -4 - (-4 + 10 + -6 + -4)?
0
Calculate 5 - 0 - 7 - 0.
-2
What is the value of (4 + -7 - 1) + 0 + 2?
-2
3 + (-5 - -3) - (4 + -2)
-1
What is the value of (3 - 1) + -1 + -5 + 1?
-3
Calculate -8 - (3 - 3 - (0 + 5)).
-3
What is -4 + 0 + 1 + -6 + 15?
6
What is the value of -11 - (-8 + 2 - 0)?
-5
Calculate -4 - ((4 - 0) + -3 + -10).
5
2 - (14 + -5 - 3)
-4
Evaluate 2 - 5 - ((-3 - -2) + -4).
2
What is the value of -6 - (-2 + (-1 - -1) + 0)?
-4
0 + (-3 - (-1 + 2)) + -1
-5
-8 - (-11 + -2 + 0)
5
What is (10 + -3 - 0 - 3) + 0?
4
Evaluate 11 - 5 - 0 - 9.
-3
Calculate 3 + (15 - 11) + 0 + -1.
6
0 + -5 + -2 + 4
-3
What is (1 + 5 - 9) + 3 + 5?
5
Calculate (4 + 0 - (-1 + 4)) + -2.
-1
(-2 - (-9 - -2)) + 56 + -60
1
What is -29 + (40 - 18) - (0 - 1)?
-6
Calculate (12 - 7 - -8) + -11.
2
Calculate 1 + -8 - -1 - (1 - 5).
-2
What is 3 + (3 + -1 - 2)?
3
(-3 + -1 - 1) + (-25 - -34)
4
Evaluate -1 + -1 + (3 - (13 - 4)).
-8
What is the value of (7 - 10) + -6 - -4?
-5
Evaluate -1 - (-14 + (-5 - -14)).
4
What is the value of 3 + 13 + (-4 - 4)?
8
Evaluate 2 - 1 - -1 - -1 - 0.
3
What is the value of -1 - 10 - (-26 - -14)?
1
What is the value of -12 - 0 - (-107 - -103)?
-8
Evaluate 22 + (-11 - 3) + (-1 - 0).
7
What is the value of -8 + (2 - (6 + -11))?
-1
Evaluate 369 + -371 + -10 + 0 + 2.
-10
What is 6 + -13 - (0 - 0 - 12)?
5
-3 - (6 + -4 - 4)
-1
3 - ((4 - 2) + (-8 - -10))
-1
Calculate -35 + 38 + (-3 - 7).
-7
-4 + 0 + (-28 - -29)
-3
What is the value of 2 - ((-3 - -5) + -2)?
2
What is -12 + (9 + -5 - -3)?
-5
What is the value of (-9 - -7 - -2) + 1 + 7?
8
Evaluate -134 + 128 + (0 - -2 - -1).
-3
Calculate -17 + (11 + 0 - -1).
-5
Calculate 5 + (-1 - -1 - 2).
3
Calculate 1 + (-2 - 5 - (2 + -4)).
-4
Evaluate 4 + -19 + 7 - -10.
2
What is the value of 36 - 48 - (1 + -7)?
-6
Evaluate -5 - (3 + -4 - (6 + -2)).
0
Calculate 7 - (-3 - -10) - (-5 + 2).
3
Calculate -3 - ((-3 - -8) + (-3 - 2)).
-3
Calculate -5 + 0 - (5 + 1).
-11
Evaluate 23 - 14 - 6 - (-1 - 0).
4
What is the value of (-3 - -5) + -2 + 3?
3
Evaluate -4 + -4 + 11 - (7 - -1).
-5
What is -3 - (2 + -9 - 0 - -4)?
0
What is the value of -1 - (6 + (-3 - 9))?
5
Evaluate -6 + 6 + (-3 + -6 - -5).
-4
What is the value of 7 + -7 - (-1 + -9) - 6?
4
What is the value of (4 - 16 - -4) + (-1 - -19)?
10
0 - (3 - 1) - (8 + -15)
5
Calculate (-4 - 4) + 14 + -11.
-5
What is -2 + 1 + -2 + (5 - 2)?
0
Evaluate -5 + -2 - (-4 - (-4 + 1)).
-6
What is (-2 + -3 + 3 - 0) + 2?
0
What is the value of -7 - -4 - (0 - 1) - 2?
-4
What is the value of 3 + 1 + 1 + -5 + -4?
-4
What is the value of -2 - (-6 - (2 + -7) - 7)?
6
Evaluate -13 + (13 - (-17 - -11)).
6
What is the value of 0 + 3 - (-15 - -22)?
-4
Evaluate (-1 - 0) + (0 - 2) + 6.
3
What is the value of -2 + (-2 - -10 - 6)?
0
Calculate ((-9 - -6) + 4 - 5) + 5.
1
Evaluate (2 - -2 - 4) + 2 + 2.
4
What is the value 